{"id":3938,"date":"2018-07-25T00:39:59","date_gmt":"2018-07-24T22:39:59","guid":{"rendered":"http:\/\/www.tecowash.com\/?post_type=product&#038;p=3938"},"modified":"2023-06-29T09:36:40","modified_gmt":"2023-06-29T07:36:40","slug":"conexion-con-rosca-semirigida-aspirador","status":"publish","type":"product","link":"https:\/\/www.tecowash.com\/tecowash18\/producto\/conexion-con-rosca-semirigida-aspirador\/","title":{"rendered":"CONEXIO\u0301N CON ROSCA SEMIRI\u0301GIDA ASPIRADOR"},"content":{"rendered":"<p><a href=\"https:\/\/www.tecowash.com\/tecowash18\/wp-content\/uploads\/2018\/07\/RECAMBIOS_ASPIRADOR_tecowash_spain_jun_23.pdf\" target=\"_blank\" rel=\"noopener noreferrer\"><img loading=\"lazy\" decoding=\"async\" class=\"aligncenter size-full wp-image-9010\" src=\"https:\/\/www.tecowash.com\/tecowash18\/wp-content\/uploads\/2019\/10\/pdf_logo_B.png\" alt=\"\" width=\"250\" height=\"121\" srcset=\"https:\/\/www.tecowash.com\/tecowash18\/wp-content\/uploads\/2019\/10\/pdf_logo_B.png 250w, https:\/\/www.tecowash.com\/tecowash18\/wp-content\/uploads\/2019\/10\/pdf_logo_B-24x12.png 24w, https:\/\/www.tecowash.com\/tecowash18\/wp-content\/uploads\/2019\/10\/pdf_logo_B-36x17.png 36w, https:\/\/www.tecowash.com\/tecowash18\/wp-content\/uploads\/2019\/10\/pdf_logo_B-48x23.png 48w\" sizes=\"(max-width: 250px) 100vw, 250px\" \/><\/a><\/p>\n<p><strong><span style=\"font-size: 18pt;\"><span style=\"color: #000000;\">CONEXIO\u0301N CON ROSCA SEMIRI\u0301GIDA<\/span><span style=\"color: #99cc00;\"> ASPIRADOR<\/span><\/span><\/strong><\/p>\n<p><span style=\"color: #000000;\"><strong>Referencia:<\/strong> CDR.1032 &#8211; Conexi\u00f3n con Rosca Semir\u00edgida Aspirador.<\/span><br \/>\n<span style=\"color: #000000;\">Conexi\u00f3n con rosca semiri\u0301gida para tubo flexible de \u00d8 50 int. (CDR 1.026)<\/span><\/p>\n","protected":false},"excerpt":{"rendered":"<p>CONEXIO\u0301N CON ROSCA SEMIRI\u0301GIDA ASPIRADOR Referencia: CDR.1032 &#8211; Conexi\u00f3n con Rosca Semir\u00edgida Aspirador. Conexi\u00f3n con rosca semiri\u0301gida para tubo flexible de \u00d8 50 int. (CDR 1.026)<\/p>\n","protected":false},"featured_media":6042,"template":"","meta":[],"product_cat":[174,181],"product_tag":[],"class_list":["post-3938","product","type-product","status-publish","has-post-thumbnail","hentry","product_cat-recambios-carwash","product_cat-recambios-aspirador"],"publishpress_future_workflow_manual_trigger":{"enabledWorkflows":[]},"_links":{"self":[{"href":"https:\/\/www.tecowash.com\/tecowash18\/wp-json\/wp\/v2\/product\/3938"}],"collection":[{"href":"https:\/\/www.tecowash.com\/tecowash18\/wp-json\/wp\/v2\/product"}],"about":[{"href":"https:\/\/www.tecowash.com\/tecowash18\/wp-json\/wp\/v2\/types\/product"}],"wp:featuredmedia":[{"embeddable":true,"href":"https:\/\/www.tecowash.com\/tecowash18\/wp-json\/wp\/v2\/media\/6042"}],"wp:attachment":[{"href":"https:\/\/www.tecowash.com\/tecowash18\/wp-json\/wp\/v2\/media?parent=3938"}],"wp:term":[{"taxonomy":"product_cat","embeddable":true,"href":"https:\/\/www.tecowash.com\/tecowash18\/wp-json\/wp\/v2\/product_cat?post=3938"},{"taxonomy":"product_tag","embeddable":true,"href":"https:\/\/www.tecowash.com\/tecowash18\/wp-json\/wp\/v2\/product_tag?post=3938"}],"curies":[{"name":"wp","href":"https:\/\/api.w.org\/{rel}","templated":true}]}}