{"id":3917,"date":"2018-07-25T00:28:39","date_gmt":"2018-07-24T22:28:39","guid":{"rendered":"http:\/\/www.tecowash.com\/?post_type=product&#038;p=3917"},"modified":"2023-06-29T09:35:05","modified_gmt":"2023-06-29T07:35:05","slug":"tubo-flexible-espiral-para-aspiradores-de-polvo-y-liquidos","status":"publish","type":"product","link":"https:\/\/www.tecowash.com\/tecowash18\/producto\/tubo-flexible-espiral-para-aspiradores-de-polvo-y-liquidos\/","title":{"rendered":"TUBO FLEXIBLE ASPIRADORES DE POLVO Y LI\u0301QUIDOS"},"content":{"rendered":"<p><a href=\"https:\/\/www.tecowash.com\/tecowash18\/wp-content\/uploads\/2018\/07\/RECAMBIOS_ASPIRADOR_tecowash_spain_jun_23.pdf\" target=\"_blank\" rel=\"noopener noreferrer\"><img loading=\"lazy\" decoding=\"async\" class=\"aligncenter size-full wp-image-9010\" src=\"https:\/\/www.tecowash.com\/tecowash18\/wp-content\/uploads\/2019\/10\/pdf_logo_B.png\" alt=\"\" width=\"250\" height=\"121\" srcset=\"https:\/\/www.tecowash.com\/tecowash18\/wp-content\/uploads\/2019\/10\/pdf_logo_B.png 250w, https:\/\/www.tecowash.com\/tecowash18\/wp-content\/uploads\/2019\/10\/pdf_logo_B-24x12.png 24w, https:\/\/www.tecowash.com\/tecowash18\/wp-content\/uploads\/2019\/10\/pdf_logo_B-36x17.png 36w, https:\/\/www.tecowash.com\/tecowash18\/wp-content\/uploads\/2019\/10\/pdf_logo_B-48x23.png 48w\" sizes=\"(max-width: 250px) 100vw, 250px\" \/><\/a><\/p>\n<p><strong><span style=\"font-size: 18pt;\"><span style=\"color: #000000;\">TUBO FLEXIBLE ESPIRAL PARA<\/span> <span style=\"color: #99cc00;\">ASPIRADORES DE POLVO Y LI\u0301QUIDOS<\/span><\/span><\/strong><\/p>\n<p><span style=\"color: #000000;\"><strong>Referencia<\/strong>: CDR.1024 &#8211; \u00d8 33 int. \u00d8 36 ext.- Rollo 30 metros. &#8211; <strong>Tubo Flexible Espiral para Aspiradoras de Polvo y L\u00edquidos.<\/strong><\/span><br \/>\n<span style=\"color: #000000;\"><strong>Referencia:<\/strong> CDR.1025 &#8211; \u00d8 38 int. \u00d8 45 ext.- Rollo 30 metros. &#8211; <strong>Tubo Flexible Espiral para Aspiradoras de Polvo y L\u00edquidos.<\/strong><\/span><br \/>\n<span style=\"color: #000000;\"><strong>Referencia:<\/strong> CDR.1026 &#8211; \u00d8 50 int. \u00d8 58 ext.- Rollo 30 metros. &#8211; <strong>Tubo Flexible Espiral para Aspiradoras de Polvo y L\u00edquidos.<\/strong><\/span><br \/>\n<span style=\"color: #000000;\">Tubo flexible con espiral en etilvinilacetato, sin armadura. Resistente a deformaciones permanentes y m\u00e1xima curvatura sin estrechamiento. Ideal para aspirar l\u00edquidos.<\/span><\/p>\n<p>&nbsp;<\/p>\n<p>&nbsp;<\/p>\n","protected":false},"excerpt":{"rendered":"<p>TUBO FLEXIBLE ESPIRAL PARA ASPIRADORES DE POLVO Y LI\u0301QUIDOS Referencia: CDR.1024 &#8211; \u00d8 33 int. \u00d8 36 ext.- Rollo 30 metros. &#8211; Tubo Flexible Espiral para Aspiradoras de Polvo y L\u00edquidos. Referencia: CDR.1025 &#8211; \u00d8 38 int. \u00d8 45 ext.- Rollo 30 metros. &#8211; Tubo Flexible Espiral para Aspiradoras de Polvo y L\u00edquidos. Referencia: CDR.1026 [&hellip;]<\/p>\n","protected":false},"featured_media":6037,"template":"","meta":[],"product_cat":[174,181],"product_tag":[],"class_list":["post-3917","product","type-product","status-publish","has-post-thumbnail","hentry","product_cat-recambios-carwash","product_cat-recambios-aspirador"],"publishpress_future_workflow_manual_trigger":{"enabledWorkflows":[]},"_links":{"self":[{"href":"https:\/\/www.tecowash.com\/tecowash18\/wp-json\/wp\/v2\/product\/3917"}],"collection":[{"href":"https:\/\/www.tecowash.com\/tecowash18\/wp-json\/wp\/v2\/product"}],"about":[{"href":"https:\/\/www.tecowash.com\/tecowash18\/wp-json\/wp\/v2\/types\/product"}],"wp:featuredmedia":[{"embeddable":true,"href":"https:\/\/www.tecowash.com\/tecowash18\/wp-json\/wp\/v2\/media\/6037"}],"wp:attachment":[{"href":"https:\/\/www.tecowash.com\/tecowash18\/wp-json\/wp\/v2\/media?parent=3917"}],"wp:term":[{"taxonomy":"product_cat","embeddable":true,"href":"https:\/\/www.tecowash.com\/tecowash18\/wp-json\/wp\/v2\/product_cat?post=3917"},{"taxonomy":"product_tag","embeddable":true,"href":"https:\/\/www.tecowash.com\/tecowash18\/wp-json\/wp\/v2\/product_tag?post=3917"}],"curies":[{"name":"wp","href":"https:\/\/api.w.org\/{rel}","templated":true}]}}