{"id":3851,"date":"2018-07-24T21:25:56","date_gmt":"2018-07-24T19:25:56","guid":{"rendered":"http:\/\/www.tecowash.com\/?post_type=product&#038;p=3851"},"modified":"2023-08-03T08:48:43","modified_gmt":"2023-08-03T06:48:43","slug":"valvulas-para-bombas-cat-3cp","status":"publish","type":"product","link":"https:\/\/www.tecowash.com\/tecowash18\/producto\/valvulas-para-bombas-cat-3cp\/","title":{"rendered":"V\u00c1LVULAS PARA BOMBAS CAT-3CP"},"content":{"rendered":"<p><a href=\"https:\/\/www.tecowash.com\/tecowash18\/wp-content\/uploads\/2018\/07\/RECAMBIOS_BOMBAS_tecowash_spain_AGO_23_B.pdf\" target=\"_blank\" rel=\"noopener noreferrer\"><img loading=\"lazy\" decoding=\"async\" class=\"aligncenter size-full wp-image-9010\" src=\"https:\/\/www.tecowash.com\/tecowash18\/wp-content\/uploads\/2019\/10\/pdf_logo_B.png\" alt=\"\" width=\"250\" height=\"121\" srcset=\"https:\/\/www.tecowash.com\/tecowash18\/wp-content\/uploads\/2019\/10\/pdf_logo_B.png 250w, https:\/\/www.tecowash.com\/tecowash18\/wp-content\/uploads\/2019\/10\/pdf_logo_B-24x12.png 24w, https:\/\/www.tecowash.com\/tecowash18\/wp-content\/uploads\/2019\/10\/pdf_logo_B-36x17.png 36w, https:\/\/www.tecowash.com\/tecowash18\/wp-content\/uploads\/2019\/10\/pdf_logo_B-48x23.png 48w\" sizes=\"(max-width: 250px) 100vw, 250px\" \/><\/a><\/p>\n<p><span style=\"font-size: 18pt;\"><strong><span style=\"color: #000000;\">V\u00c1LVULAS<\/span> <span style=\"color: #99cc00;\">PARA BOMBAS CAT-3CP<\/span><\/strong><\/span><\/p>\n<p><span style=\"color: #000000;\"><span style=\"font-size: 14pt;\"><strong>Referencia:<\/strong> ZX1932 &#8211; V\u00e1lvulas para Bombas Cat &#8211; 3 Cp.<\/span> <\/span><br \/>\n<span style=\"color: #000000;\">Repuestos Dolly para bombas CAT.<\/span><br \/>\n<span style=\"color: #000000;\">Anillos de retenci\u00f3n: \u00d820.<\/span><br \/>\n<span style=\"color: #000000;\">Cantidad: 5 anillos, 3 unds. de cada anillo.<\/span><br \/>\n<span style=\"color: #000000;\">Para modelos: CAT-340 y CAT-350.<\/span><\/p>\n<p>&nbsp;<\/p>\n","protected":false},"excerpt":{"rendered":"<p>V\u00c1LVULAS PARA BOMBAS CAT-3CP Referencia: ZX1932 &#8211; V\u00e1lvulas para Bombas Cat &#8211; 3 Cp. Repuestos Dolly para bombas CAT. Anillos de retenci\u00f3n: \u00d820. Cantidad: 5 anillos, 3 unds. de cada anillo. Para modelos: CAT-340 y CAT-350. &nbsp;<\/p>\n","protected":false},"featured_media":6088,"template":"","meta":[],"product_cat":[174,179],"product_tag":[],"class_list":["post-3851","product","type-product","status-publish","has-post-thumbnail","hentry","product_cat-recambios-carwash","product_cat-bombas-y-recambios"],"publishpress_future_workflow_manual_trigger":{"enabledWorkflows":[]},"_links":{"self":[{"href":"https:\/\/www.tecowash.com\/tecowash18\/wp-json\/wp\/v2\/product\/3851"}],"collection":[{"href":"https:\/\/www.tecowash.com\/tecowash18\/wp-json\/wp\/v2\/product"}],"about":[{"href":"https:\/\/www.tecowash.com\/tecowash18\/wp-json\/wp\/v2\/types\/product"}],"wp:featuredmedia":[{"embeddable":true,"href":"https:\/\/www.tecowash.com\/tecowash18\/wp-json\/wp\/v2\/media\/6088"}],"wp:attachment":[{"href":"https:\/\/www.tecowash.com\/tecowash18\/wp-json\/wp\/v2\/media?parent=3851"}],"wp:term":[{"taxonomy":"product_cat","embeddable":true,"href":"https:\/\/www.tecowash.com\/tecowash18\/wp-json\/wp\/v2\/product_cat?post=3851"},{"taxonomy":"product_tag","embeddable":true,"href":"https:\/\/www.tecowash.com\/tecowash18\/wp-json\/wp\/v2\/product_tag?post=3851"}],"curies":[{"name":"wp","href":"https:\/\/api.w.org\/{rel}","templated":true}]}}