{"id":3499,"date":"2018-07-11T21:28:36","date_gmt":"2018-07-11T19:28:36","guid":{"rendered":"http:\/\/www.tecowash.com\/?post_type=product&#038;p=3499"},"modified":"2022-01-31T09:32:24","modified_gmt":"2022-01-31T08:32:24","slug":"pulverizador-1-l","status":"publish","type":"product","link":"https:\/\/www.tecowash.com\/tecowash18\/producto\/pulverizador-1-l\/","title":{"rendered":"PULVERIZADOR MULTIUSOS de 1 Litro"},"content":{"rendered":"<div class=\"page\" title=\"Page 81\">\n<div class=\"section\">\n<div class=\"layoutArea\">\n<div class=\"column\">\n<div class=\"page\" title=\"Page 81\">\n<div class=\"section\">\n<div class=\"layoutArea\">\n<div class=\"column\">\n<div class=\"page\" title=\"Page 81\">\n<div class=\"section\">\n<div class=\"layoutArea\">\n<div class=\"column\">\n<div class=\"page\" title=\"Page 81\">\n<div class=\"section\">\n<div class=\"layoutArea\">\n<div class=\"column\">\n<p><a href=\"https:\/\/www.tecowash.com\/tecowash18\/wp-content\/uploads\/2018\/07\/Pulverizadores_tecowash_spain_2021.pdf\" target=\"_blank\" rel=\"noopener noreferrer\"><img loading=\"lazy\" decoding=\"async\" class=\"aligncenter size-full wp-image-9010\" src=\"https:\/\/www.tecowash.com\/tecowash18\/wp-content\/uploads\/2019\/10\/pdf_logo_B.png\" alt=\"\" width=\"250\" height=\"121\" srcset=\"https:\/\/www.tecowash.com\/tecowash18\/wp-content\/uploads\/2019\/10\/pdf_logo_B.png 250w, https:\/\/www.tecowash.com\/tecowash18\/wp-content\/uploads\/2019\/10\/pdf_logo_B-24x12.png 24w, https:\/\/www.tecowash.com\/tecowash18\/wp-content\/uploads\/2019\/10\/pdf_logo_B-36x17.png 36w, https:\/\/www.tecowash.com\/tecowash18\/wp-content\/uploads\/2019\/10\/pdf_logo_B-48x23.png 48w\" sizes=\"(max-width: 250px) 100vw, 250px\" \/><\/a><\/p>\n<p><a href=\"https:\/\/www.tecowash.com\/tecowash18\/wp-content\/uploads\/2018\/07\/Pulverizadores_tecowash_spain_2021.pdf\" target=\"_blank\" rel=\"noopener noreferrer\"><iframe loading=\"lazy\"  id=\"_ytid_11938\"  width=\"980\" height=\"551\"  data-origwidth=\"980\" data-origheight=\"551\" src=\"https:\/\/www.youtube.com\/embed\/pwOf7uaJDtY?enablejsapi=1&autoplay=0&cc_load_policy=0&cc_lang_pref=&iv_load_policy=1&loop=0&modestbranding=0&rel=1&fs=1&playsinline=0&autohide=2&theme=dark&color=red&controls=1&\" class=\"__youtube_prefs__  no-lazyload\" title=\"YouTube player\"  allow=\"fullscreen; accelerometer; autoplay; clipboard-write; encrypted-media; gyroscope; picture-in-picture\" allowfullscreen data-no-lazy=\"1\" data-skipgform_ajax_framebjll=\"\"><\/iframe><\/a><\/p>\n<p>&nbsp;<\/p>\n<p><strong><span style=\"font-size: 18pt\"><span style=\"color: #000000\">PULVERIZADOR MULTIUSOS de<\/span> <span style=\"color: #99cc00\">1 LITRO<\/span><\/span><\/strong><\/p>\n<p><span style=\"color: #000000\"><strong>Referencia:<\/strong> S1000 &#8211; <strong>Pulverizador de 1 litro.<\/strong><\/span><br \/>\n<span style=\"color: #000000\">Pulverizador ergon\u00f3mico v\u00e1lvula de seguridad y ajuste progresivo de \u00e1ngulo de la boquilla, permite obtener un \u00e1ngulo de pulverizaci\u00f3n diferente. <\/span><br \/>\n<span style=\"color: #000000\">De 1 litro son ideales para nebulizar detergentes especi\u0301ficos para interiores de coche u otros productos especi\u0301ficos para el lavado de coches.<\/span><\/p>\n<p>&nbsp;<\/p>\n<\/div>\n<\/div>\n<\/div>\n<\/div>\n<\/div>\n<\/div>\n<\/div>\n<\/div>\n<\/div>\n<\/div>\n<\/div>\n<\/div>\n<\/div>\n<\/div>\n<\/div>\n<\/div>\n","protected":false},"excerpt":{"rendered":"<p>&nbsp; PULVERIZADOR MULTIUSOS de 1 LITRO Referencia: S1000 &#8211; Pulverizador de 1 litro. Pulverizador ergon\u00f3mico v\u00e1lvula de seguridad y ajuste progresivo de \u00e1ngulo de la boquilla, permite obtener un \u00e1ngulo de pulverizaci\u00f3n diferente. De 1 litro son ideales para nebulizar detergentes especi\u0301ficos para interiores de coche u otros productos especi\u0301ficos para el lavado de coches. [&hellip;]<\/p>\n","protected":false},"featured_media":8899,"template":"","meta":[],"product_cat":[96,160],"product_tag":[],"class_list":["post-3499","product","type-product","status-publish","has-post-thumbnail","hentry","product_cat-maquinaria-de-lavado-manual","product_cat-pulverizadores"],"publishpress_future_workflow_manual_trigger":{"enabledWorkflows":[]},"_links":{"self":[{"href":"https:\/\/www.tecowash.com\/tecowash18\/wp-json\/wp\/v2\/product\/3499"}],"collection":[{"href":"https:\/\/www.tecowash.com\/tecowash18\/wp-json\/wp\/v2\/product"}],"about":[{"href":"https:\/\/www.tecowash.com\/tecowash18\/wp-json\/wp\/v2\/types\/product"}],"wp:featuredmedia":[{"embeddable":true,"href":"https:\/\/www.tecowash.com\/tecowash18\/wp-json\/wp\/v2\/media\/8899"}],"wp:attachment":[{"href":"https:\/\/www.tecowash.com\/tecowash18\/wp-json\/wp\/v2\/media?parent=3499"}],"wp:term":[{"taxonomy":"product_cat","embeddable":true,"href":"https:\/\/www.tecowash.com\/tecowash18\/wp-json\/wp\/v2\/product_cat?post=3499"},{"taxonomy":"product_tag","embeddable":true,"href":"https:\/\/www.tecowash.com\/tecowash18\/wp-json\/wp\/v2\/product_tag?post=3499"}],"curies":[{"name":"wp","href":"https:\/\/api.w.org\/{rel}","templated":true}]}}