{"id":3468,"date":"2018-07-11T19:54:14","date_gmt":"2018-07-11T17:54:14","guid":{"rendered":"http:\/\/www.tecowash.com\/?post_type=product&#038;p=3468"},"modified":"2023-03-14T09:22:41","modified_gmt":"2023-03-14T08:22:41","slug":"rotaplus-2","status":"publish","type":"product","link":"https:\/\/www.tecowash.com\/tecowash18\/producto\/rotaplus-2\/","title":{"rendered":"ROTAPLUS 2"},"content":{"rendered":"<div class=\"page\" title=\"Page 74\">\n<div class=\"section\">\n<div class=\"layoutArea\">\n<div class=\"column\">\n<p><a href=\"https:\/\/www.tecowash.com\/tecowash18\/wp-content\/uploads\/2018\/07\/Rota_Plus_1_2_tecowash_spain_2021.pdf\" target=\"_blank\" rel=\"noopener noreferrer\"><img loading=\"lazy\" decoding=\"async\" class=\"aligncenter size-full wp-image-9010\" src=\"https:\/\/www.tecowash.com\/tecowash18\/wp-content\/uploads\/2019\/10\/pdf_logo_B.png\" alt=\"\" width=\"250\" height=\"121\" srcset=\"https:\/\/www.tecowash.com\/tecowash18\/wp-content\/uploads\/2019\/10\/pdf_logo_B.png 250w, https:\/\/www.tecowash.com\/tecowash18\/wp-content\/uploads\/2019\/10\/pdf_logo_B-24x12.png 24w, https:\/\/www.tecowash.com\/tecowash18\/wp-content\/uploads\/2019\/10\/pdf_logo_B-36x17.png 36w, https:\/\/www.tecowash.com\/tecowash18\/wp-content\/uploads\/2019\/10\/pdf_logo_B-48x23.png 48w\" sizes=\"(max-width: 250px) 100vw, 250px\" \/><\/a><\/p>\n<p>&nbsp;<\/p>\n<p><a href=\"https:\/\/vimeo.com\/61169247\" target=\"_blank\" rel=\"noopener noreferrer\"><img loading=\"lazy\" decoding=\"async\" class=\"aligncenter wp-image-10480 size-medium\" src=\"https:\/\/www.tecowash.com\/tecowash18\/wp-content\/uploads\/2018\/07\/Video_Rotaplus_tecowash_77-300x52.png\" alt=\"\" width=\"300\" height=\"52\" srcset=\"https:\/\/www.tecowash.com\/tecowash18\/wp-content\/uploads\/2018\/07\/Video_Rotaplus_tecowash_77-300x52.png 300w, https:\/\/www.tecowash.com\/tecowash18\/wp-content\/uploads\/2018\/07\/Video_Rotaplus_tecowash_77-416x72.png 416w, https:\/\/www.tecowash.com\/tecowash18\/wp-content\/uploads\/2018\/07\/Video_Rotaplus_tecowash_77-24x4.png 24w, https:\/\/www.tecowash.com\/tecowash18\/wp-content\/uploads\/2018\/07\/Video_Rotaplus_tecowash_77-36x6.png 36w, https:\/\/www.tecowash.com\/tecowash18\/wp-content\/uploads\/2018\/07\/Video_Rotaplus_tecowash_77-48x8.png 48w, https:\/\/www.tecowash.com\/tecowash18\/wp-content\/uploads\/2018\/07\/Video_Rotaplus_tecowash_77.png 497w\" sizes=\"(max-width: 300px) 100vw, 300px\" \/><\/a><\/p>\n<p><strong><span style=\"font-size: 18pt\"><span style=\"color: #000000\">ROTAPLUS<\/span><span style=\"color: #99cc00\"> 2<\/span><\/span><\/strong><\/p>\n<p><span style=\"color: #000000;font-size: 14pt\"><strong>Referencia:<\/strong> ROTAPLUS2<strong> &#8211; Rota Plus 2.<\/strong><\/span><br \/>\n<span style=\"color: #000000;font-size: 14pt\"><strong>Referencia:<\/strong> AP0001149<strong> &#8211; Cepillo Nylon 100x10x8 0,4.<\/strong><\/span><br \/>\n<span style=\"color: #000000\">Cepillo neum\u00e1tico para tapizados.<\/span><br \/>\n<span style=\"color: #000000\"><strong>Ficha:<\/strong> <\/span><br \/>\n<span style=\"color: #000000\"><strong>Di\u00e1metro de \u00f3rbita:<\/strong> 10 mm.<\/span><br \/>\n<span style=\"color: #000000\"><strong>Velocidad:<\/strong> 10.000 rpm.<\/span><br \/>\n<span style=\"color: #000000\"><strong>Peso:<\/strong> 2 kg.<\/span><br \/>\n<span style=\"color: #000000\"><strong>Consumo de aire:<\/strong> 0. 11 M\u00b3 \/ min. <\/span><br \/>\n<span style=\"color: #000000\"><strong>Entra de aire:<\/strong> de 1 \/ 4\u201d.<\/span><\/p>\n<div>\n<p>&nbsp;<\/p>\n<\/div>\n<\/div>\n<\/div>\n<\/div>\n<\/div>\n","protected":false},"excerpt":{"rendered":"<p>&nbsp; ROTAPLUS 2 Referencia: ROTAPLUS2 &#8211; Rota Plus 2. Referencia: AP0001149 &#8211; Cepillo Nylon 100x10x8 0,4. Cepillo neum\u00e1tico para tapizados. Ficha: Di\u00e1metro de \u00f3rbita: 10 mm. Velocidad: 10.000 rpm. Peso: 2 kg. Consumo de aire: 0. 11 M\u00b3 \/ min. Entra de aire: de 1 \/ 4\u201d. &nbsp;<\/p>\n","protected":false},"featured_media":8938,"template":"","meta":[],"product_cat":[96,157],"product_tag":[],"class_list":["post-3468","product","type-product","status-publish","has-post-thumbnail","hentry","product_cat-maquinaria-de-lavado-manual","product_cat-limpia-tapicerias"],"publishpress_future_workflow_manual_trigger":{"enabledWorkflows":[]},"_links":{"self":[{"href":"https:\/\/www.tecowash.com\/tecowash18\/wp-json\/wp\/v2\/product\/3468"}],"collection":[{"href":"https:\/\/www.tecowash.com\/tecowash18\/wp-json\/wp\/v2\/product"}],"about":[{"href":"https:\/\/www.tecowash.com\/tecowash18\/wp-json\/wp\/v2\/types\/product"}],"wp:featuredmedia":[{"embeddable":true,"href":"https:\/\/www.tecowash.com\/tecowash18\/wp-json\/wp\/v2\/media\/8938"}],"wp:attachment":[{"href":"https:\/\/www.tecowash.com\/tecowash18\/wp-json\/wp\/v2\/media?parent=3468"}],"wp:term":[{"taxonomy":"product_cat","embeddable":true,"href":"https:\/\/www.tecowash.com\/tecowash18\/wp-json\/wp\/v2\/product_cat?post=3468"},{"taxonomy":"product_tag","embeddable":true,"href":"https:\/\/www.tecowash.com\/tecowash18\/wp-json\/wp\/v2\/product_tag?post=3468"}],"curies":[{"name":"wp","href":"https:\/\/api.w.org\/{rel}","templated":true}]}}