{"id":3460,"date":"2018-07-11T19:32:50","date_gmt":"2018-07-11T17:32:50","guid":{"rendered":"http:\/\/www.tecowash.com\/?post_type=product&#038;p=3460"},"modified":"2024-07-15T11:55:54","modified_gmt":"2024-07-15T09:55:54","slug":"aspirador-exel-de-2-y-3-motores","status":"publish","type":"product","link":"https:\/\/www.tecowash.com\/tecowash18\/producto\/aspirador-exel-de-2-y-3-motores\/","title":{"rendered":"ASPIRADOR DE 3 MOTORES"},"content":{"rendered":"<div class=\"page\" title=\"Page 69\">\n<div class=\"section\">\n<div class=\"layoutArea\">\n<div class=\"column\">\n<div class=\"page\" title=\"Page 69\">\n<div class=\"section\">\n<div class=\"layoutArea\">\n<div class=\"column\">\n<p>&nbsp;<\/p>\n<p><a href=\"https:\/\/www.tecowash.com\/tecowash18\/wp-content\/uploads\/2018\/07\/ASPIRADORES_tecowash_spain_mar_2022_H.pdf\" target=\"_blank\" rel=\"noopener noreferrer\"><img loading=\"lazy\" decoding=\"async\" class=\"aligncenter size-full wp-image-9010\" src=\"https:\/\/www.tecowash.com\/tecowash18\/wp-content\/uploads\/2019\/10\/pdf_logo_B.png\" alt=\"\" width=\"250\" height=\"121\" srcset=\"https:\/\/www.tecowash.com\/tecowash18\/wp-content\/uploads\/2019\/10\/pdf_logo_B.png 250w, https:\/\/www.tecowash.com\/tecowash18\/wp-content\/uploads\/2019\/10\/pdf_logo_B-24x12.png 24w, https:\/\/www.tecowash.com\/tecowash18\/wp-content\/uploads\/2019\/10\/pdf_logo_B-36x17.png 36w, https:\/\/www.tecowash.com\/tecowash18\/wp-content\/uploads\/2019\/10\/pdf_logo_B-48x23.png 48w\" sizes=\"(max-width: 250px) 100vw, 250px\" \/><\/a><\/p>\n<p>&nbsp;<\/p>\n<p style=\"text-align: justify;\"><a href=\"https:\/\/www.tecowash.com\/tecowash18\/wp-content\/uploads\/2018\/07\/ASPIRADORA_tecowash_2022.mp4\" target=\"_blank\" rel=\"noopener noreferrer\"><img loading=\"lazy\" decoding=\"async\" class=\"aligncenter size-full wp-image-14558\" src=\"https:\/\/www.tecowash.com\/tecowash18\/wp-content\/uploads\/2020\/03\/Video_Aspirador_TEC0025.png\" alt=\"\" width=\"393\" height=\"63\" srcset=\"https:\/\/www.tecowash.com\/tecowash18\/wp-content\/uploads\/2020\/03\/Video_Aspirador_TEC0025.png 393w, https:\/\/www.tecowash.com\/tecowash18\/wp-content\/uploads\/2020\/03\/Video_Aspirador_TEC0025-300x48.png 300w, https:\/\/www.tecowash.com\/tecowash18\/wp-content\/uploads\/2020\/03\/Video_Aspirador_TEC0025-24x4.png 24w, https:\/\/www.tecowash.com\/tecowash18\/wp-content\/uploads\/2020\/03\/Video_Aspirador_TEC0025-36x6.png 36w, https:\/\/www.tecowash.com\/tecowash18\/wp-content\/uploads\/2020\/03\/Video_Aspirador_TEC0025-48x8.png 48w\" sizes=\"(max-width: 393px) 100vw, 393px\" \/><\/a><\/p>\n<p style=\"text-align: justify;\"><strong><span style=\"font-size: 18pt;\">ASPIRADOR DE <span style=\"color: #99cc00;\">3 MOTORES 3.600 W<\/span><\/span><\/strong><br \/>\n<span style=\"color: #000000;\"><strong>Referencia:<\/strong> TEC0025 &#8211; ASPIRADOR 3 motores, 3.600 W potencia aspiraci\u00f3n 3.300 W potencia de consumo.<\/span><br \/>\n<span style=\"color: #000000;\">Aspirador robusto para polvo y l\u00edquidos 3.600W 3 motores independientes, con 3 interruptores independientes, <\/span><br \/>\n<span style=\"color: #000000;\">para que pueda arrancar 1, 2, o 3 motores a la vez.<\/span><br \/>\n<span style=\"color: #000000;\">Para la aspiraci\u00f3n de polvo, el aspirador se utilizar\u00e1 tal cual viene, es decir con el filtro de polyester de color blanco colocado.<\/span><br \/>\n<span style=\"color: #000000;\">Para la aspiraci\u00f3n de l\u00edquidos antes tendremos que retirar el filtro de polyester de color blanco, una vez acabado el trabajo de la recogida de l\u00edquidos, es recomendable limpiar y secar bien el interior, de esta manera evitaremos que el polvo de la aspiraci\u00f3n se mezcle con la poca agua residual dejando una pasta que despu\u00e9s ser\u00e1 m\u00e1s dif\u00edcil de retirar. Tambi\u00e9n es recomendable mantener limpio el filtro de polyester blanco.<\/span><\/p>\n<p><span style=\"color: #000000;\"><strong>Ficha:<\/strong><\/span><br \/>\n<span style=\"color: #000000;\">N\u00famero de motores: 3.<\/span><br \/>\n<span style=\"color: #000000;\">Voltaje: 220 \/240.<\/span><br \/>\n<span style=\"color: #000000;\">Frecuencia: 50 \/ 60 Hz.<\/span><br \/>\n<span style=\"color: #000000;\">Tipo de enfriamiento: Por derivaci\u00f3n.<\/span><br \/>\n<span style=\"color: #000000;\">Potencia m\u00e1xima: 3.600 W aspiraci\u00f3n &#8211; 3.300 W potencia de consumo.<\/span><br \/>\n<span style=\"color: #000000;\">Potencia de agua mm\/H2O: 2.250.<\/span><br \/>\n<span style=\"color: #000000;\">Aspiraci\u00f3n de aire m\u00b3\/h: 510.<\/span><br \/>\n<span style=\"color: #000000;\">Sonoridad dB: 68.<\/span><br \/>\n<span style=\"color: #000000;\">Dep\u00f3sito de pl\u00e1stico anti vand\u00e1lico 77 L.<\/span><br \/>\n<span style=\"color: #000000;\">Filtro anti bacterias.<\/span><br \/>\n<span style=\"color: #000000;\">Manguera de 2,5 mts. con giratorio y esp\u00e1tula de \u00d8 38.<\/span><br \/>\n<span style=\"color: #000000;\">Cable el\u00e9ctrico 10 mts.<\/span><br \/>\n<span style=\"color: #000000;\">Bajo consumo el\u00e9ctrico.<\/span><br \/>\n<span style=\"color: #000000;\">Peso: 23 kg.<\/span><br \/>\n<span style=\"color: #000000;\">Medidas: 58x58x96 cm<\/span><\/p>\n<p>&nbsp;<\/p>\n<p>&nbsp;<\/p>\n<\/div>\n<\/div>\n<\/div>\n<\/div>\n<\/div>\n<\/div>\n<\/div>\n<\/div>\n","protected":false},"excerpt":{"rendered":"<p>&nbsp; &nbsp; ASPIRADOR DE 3 MOTORES 3.600 W Referencia: TEC0025 &#8211; ASPIRADOR 3 motores, 3.600 W potencia aspiraci\u00f3n 3.300 W potencia de consumo. Aspirador robusto para polvo y l\u00edquidos 3.600W 3 motores independientes, con 3 interruptores independientes, para que pueda arrancar 1, 2, o 3 motores a la vez. Para la aspiraci\u00f3n de polvo, el [&hellip;]<\/p>\n","protected":false},"featured_media":8196,"template":"","meta":[],"product_cat":[96,157],"product_tag":[],"class_list":["post-3460","product","type-product","status-publish","has-post-thumbnail","hentry","product_cat-maquinaria-de-lavado-manual","product_cat-limpia-tapicerias"],"publishpress_future_workflow_manual_trigger":{"enabledWorkflows":[]},"_links":{"self":[{"href":"https:\/\/www.tecowash.com\/tecowash18\/wp-json\/wp\/v2\/product\/3460"}],"collection":[{"href":"https:\/\/www.tecowash.com\/tecowash18\/wp-json\/wp\/v2\/product"}],"about":[{"href":"https:\/\/www.tecowash.com\/tecowash18\/wp-json\/wp\/v2\/types\/product"}],"wp:featuredmedia":[{"embeddable":true,"href":"https:\/\/www.tecowash.com\/tecowash18\/wp-json\/wp\/v2\/media\/8196"}],"wp:attachment":[{"href":"https:\/\/www.tecowash.com\/tecowash18\/wp-json\/wp\/v2\/media?parent=3460"}],"wp:term":[{"taxonomy":"product_cat","embeddable":true,"href":"https:\/\/www.tecowash.com\/tecowash18\/wp-json\/wp\/v2\/product_cat?post=3460"},{"taxonomy":"product_tag","embeddable":true,"href":"https:\/\/www.tecowash.com\/tecowash18\/wp-json\/wp\/v2\/product_tag?post=3460"}],"curies":[{"name":"wp","href":"https:\/\/api.w.org\/{rel}","templated":true}]}}