{"id":2925,"date":"2018-06-26T14:16:16","date_gmt":"2018-06-26T12:16:16","guid":{"rendered":"http:\/\/www.tecowash.com\/?post_type=product&#038;p=2925"},"modified":"2023-04-05T09:47:15","modified_gmt":"2023-04-05T07:47:15","slug":"lava-cemento-forte","status":"publish","type":"product","link":"https:\/\/www.tecowash.com\/tecowash18\/producto\/lava-cemento-forte\/","title":{"rendered":"LAVA CEMENTO FORTE"},"content":{"rendered":"<p><a href=\"https:\/\/www.tecowash.com\/tecowash18\/wp-content\/uploads\/2018\/06\/Detergente_LAVADOS_ESPECIFICOS_tecowash_spain_ABR_2023.pdf\" target=\"_blank\" rel=\"noopener noreferrer\"><img loading=\"lazy\" decoding=\"async\" class=\"aligncenter size-full wp-image-9010\" src=\"https:\/\/www.tecowash.com\/tecowash18\/wp-content\/uploads\/2019\/10\/pdf_logo_B.png\" alt=\"\" width=\"250\" height=\"121\" srcset=\"https:\/\/www.tecowash.com\/tecowash18\/wp-content\/uploads\/2019\/10\/pdf_logo_B.png 250w, https:\/\/www.tecowash.com\/tecowash18\/wp-content\/uploads\/2019\/10\/pdf_logo_B-24x12.png 24w, https:\/\/www.tecowash.com\/tecowash18\/wp-content\/uploads\/2019\/10\/pdf_logo_B-36x17.png 36w, https:\/\/www.tecowash.com\/tecowash18\/wp-content\/uploads\/2019\/10\/pdf_logo_B-48x23.png 48w\" sizes=\"(max-width: 250px) 100vw, 250px\" \/><\/a><\/p>\n<p><strong><span style=\"font-size: 18pt\"><span style=\"color: #000000\">LAVA CEMENTO<\/span> <span style=\"color: #99cc00\">FORTE<\/span><\/span><\/strong><\/p>\n<p><span style=\"color: #000000;font-size: 14pt\"><strong>Referencia:<\/strong> 71110 &#8211; Lava Cemento, en bidones de 25 kg.<\/span><br \/>\n<span style=\"color: #000000\">Detergente de la casa Fra-Ber concentrado que elimina r\u00e1pidamente el cemento de autom\u00f3viles, <\/span><br \/>\n<span style=\"color: #000000\">veh\u00edculos pesados y camiones. No da\u00f1a las pinturas ni el pl\u00e1stico. <\/span><br \/>\n<span style=\"color: #000000\">Tambi\u00e9n es \u00f3ptimo para la limpieza interna de las hidrolimpiadoras con circuito cerrado.<\/span><br \/>\n<span style=\"color: #000000\">Dosificaci\u00f3n: 2 % &#8211; 4 % central pulverizadora.<\/span><\/p>\n","protected":false},"excerpt":{"rendered":"<p>LAVA CEMENTO FORTE Referencia: 71110 &#8211; Lava Cemento, en bidones de 25 kg. Detergente de la casa Fra-Ber concentrado que elimina r\u00e1pidamente el cemento de autom\u00f3viles, veh\u00edculos pesados y camiones. No da\u00f1a las pinturas ni el pl\u00e1stico. Tambi\u00e9n es \u00f3ptimo para la limpieza interna de las hidrolimpiadoras con circuito cerrado. Dosificaci\u00f3n: 2 % &#8211; 4 [&hellip;]<\/p>\n","protected":false},"featured_media":2926,"template":"","meta":[],"product_cat":[94,108,117],"product_tag":[],"class_list":["post-2925","product","type-product","status-publish","has-post-thumbnail","hentry","product_cat-detergentes","product_cat-detergentes-para-lavado-de-camiones-y-vehiculos-industriales","product_cat-limpiezas-especificas"],"publishpress_future_workflow_manual_trigger":{"enabledWorkflows":[]},"_links":{"self":[{"href":"https:\/\/www.tecowash.com\/tecowash18\/wp-json\/wp\/v2\/product\/2925"}],"collection":[{"href":"https:\/\/www.tecowash.com\/tecowash18\/wp-json\/wp\/v2\/product"}],"about":[{"href":"https:\/\/www.tecowash.com\/tecowash18\/wp-json\/wp\/v2\/types\/product"}],"wp:featuredmedia":[{"embeddable":true,"href":"https:\/\/www.tecowash.com\/tecowash18\/wp-json\/wp\/v2\/media\/2926"}],"wp:attachment":[{"href":"https:\/\/www.tecowash.com\/tecowash18\/wp-json\/wp\/v2\/media?parent=2925"}],"wp:term":[{"taxonomy":"product_cat","embeddable":true,"href":"https:\/\/www.tecowash.com\/tecowash18\/wp-json\/wp\/v2\/product_cat?post=2925"},{"taxonomy":"product_tag","embeddable":true,"href":"https:\/\/www.tecowash.com\/tecowash18\/wp-json\/wp\/v2\/product_tag?post=2925"}],"curies":[{"name":"wp","href":"https:\/\/api.w.org\/{rel}","templated":true}]}}