{"id":2898,"date":"2018-06-25T16:06:56","date_gmt":"2018-06-25T14:06:56","guid":{"rendered":"http:\/\/www.tecowash.com\/?post_type=product&#038;p=2898"},"modified":"2023-04-03T10:54:46","modified_gmt":"2023-04-03T08:54:46","slug":"turbowash-b-s","status":"publish","type":"product","link":"https:\/\/www.tecowash.com\/tecowash18\/producto\/turbowash-b-s\/","title":{"rendered":"TURBOWASH B.S."},"content":{"rendered":"<p><a href=\"https:\/\/www.tecowash.com\/tecowash18\/wp-content\/uploads\/2018\/06\/CARROCERIAS_GRAN_CONSUMO_tecowash_spain_ABR_2023.pdf\" target=\"_blank\" rel=\"noopener noreferrer\"><img loading=\"lazy\" decoding=\"async\" class=\"aligncenter size-full wp-image-9010\" src=\"https:\/\/www.tecowash.com\/tecowash18\/wp-content\/uploads\/2019\/10\/pdf_logo_B.png\" alt=\"\" width=\"250\" height=\"121\" srcset=\"https:\/\/www.tecowash.com\/tecowash18\/wp-content\/uploads\/2019\/10\/pdf_logo_B.png 250w, https:\/\/www.tecowash.com\/tecowash18\/wp-content\/uploads\/2019\/10\/pdf_logo_B-24x12.png 24w, https:\/\/www.tecowash.com\/tecowash18\/wp-content\/uploads\/2019\/10\/pdf_logo_B-36x17.png 36w, https:\/\/www.tecowash.com\/tecowash18\/wp-content\/uploads\/2019\/10\/pdf_logo_B-48x23.png 48w\" sizes=\"(max-width: 250px) 100vw, 250px\" \/><\/a><\/p>\n<p><strong><span style=\"font-size: 18pt\"><span style=\"color: #000000\">TURBOWASH<\/span> <span style=\"color: #99cc00\">B.S.<\/span><\/span><\/strong><\/p>\n<p><span style=\"color: #000000;font-size: 14pt\"><strong>Referencia:<\/strong> 74246- Turbowash B.S., en bidones de 25 kg.<\/span><br \/>\n<span style=\"color: #000000\">Detergente de la casa Fra-Ber bicomponente verde fluorescente. <\/span><br \/>\n<span style=\"color: #000000\">Especialmente eficaz sobre cualquier tipo de suciedad, tiene efecto inmediato, pulveriza la suciedad <\/span><br \/>\n<span style=\"color: #000000\">s\u00f3lo con su acci\u00f3n qu\u00edmica no se necesita esponja. Tolera amplias diluciones, bajo en espuma y f\u00e1cil aclarado.<\/span><br \/>\n<span style=\"color: #000000\">Preparaci\u00f3n: Agitar el producto hasta que quede uniforme. Diluir en agua en proporci\u00f3n 1:2. <\/span><br \/>\n<span style=\"color: #000000\">(Despu\u00e9s de este paso pasamos a dosificaci\u00f3n).<\/span><br \/>\n<span style=\"color: #000000\">Dosificaci\u00f3n Manual: 2 % en central pulverizadora, t\u00faneles, etc. 9 % en motores.<\/span><\/p>\n<p>&nbsp;<\/p>\n","protected":false},"excerpt":{"rendered":"<p>TURBOWASH B.S. Referencia: 74246- Turbowash B.S., en bidones de 25 kg. Detergente de la casa Fra-Ber bicomponente verde fluorescente. Especialmente eficaz sobre cualquier tipo de suciedad, tiene efecto inmediato, pulveriza la suciedad s\u00f3lo con su acci\u00f3n qu\u00edmica no se necesita esponja. Tolera amplias diluciones, bajo en espuma y f\u00e1cil aclarado. Preparaci\u00f3n: Agitar el producto hasta [&hellip;]<\/p>\n","protected":false},"featured_media":5765,"template":"","meta":[],"product_cat":[94,107,108,112],"product_tag":[],"class_list":["post-2898","product","type-product","status-publish","has-post-thumbnail","hentry","product_cat-detergentes","product_cat-detergentes-para-lavado-de-camiones","product_cat-detergentes-para-lavado-de-camiones-y-vehiculos-industriales","product_cat-limpiador-de-carrocerias-gran-consumo"],"publishpress_future_workflow_manual_trigger":{"enabledWorkflows":[]},"_links":{"self":[{"href":"https:\/\/www.tecowash.com\/tecowash18\/wp-json\/wp\/v2\/product\/2898"}],"collection":[{"href":"https:\/\/www.tecowash.com\/tecowash18\/wp-json\/wp\/v2\/product"}],"about":[{"href":"https:\/\/www.tecowash.com\/tecowash18\/wp-json\/wp\/v2\/types\/product"}],"wp:featuredmedia":[{"embeddable":true,"href":"https:\/\/www.tecowash.com\/tecowash18\/wp-json\/wp\/v2\/media\/5765"}],"wp:attachment":[{"href":"https:\/\/www.tecowash.com\/tecowash18\/wp-json\/wp\/v2\/media?parent=2898"}],"wp:term":[{"taxonomy":"product_cat","embeddable":true,"href":"https:\/\/www.tecowash.com\/tecowash18\/wp-json\/wp\/v2\/product_cat?post=2898"},{"taxonomy":"product_tag","embeddable":true,"href":"https:\/\/www.tecowash.com\/tecowash18\/wp-json\/wp\/v2\/product_tag?post=2898"}],"curies":[{"name":"wp","href":"https:\/\/api.w.org\/{rel}","templated":true}]}}