{"id":16209,"date":"2021-08-23T14:04:02","date_gmt":"2021-08-23T12:04:02","guid":{"rendered":"https:\/\/www.tecowash.com\/tecowash18\/?post_type=product&#038;p=16209"},"modified":"2025-01-30T13:10:30","modified_gmt":"2025-01-30T12:10:30","slug":"pack-3-cepillo-turbo-foam-para-1-pista-box","status":"publish","type":"product","link":"https:\/\/www.tecowash.com\/tecowash18\/producto\/pack-3-cepillo-turbo-foam-para-1-pista-box\/","title":{"rendered":"PACK-1 Lavadero en Auto-Servicio. Lanza doble Foam y Aclarado 1 brazo en pista"},"content":{"rendered":"<p><a href=\"https:\/\/www.tecowash.com\/tecowash18\/wp-content\/uploads\/2021\/09\/Pack_1_TEC0078_tecowash_spain_Sep_2023.pdf\" target=\"_blank\" rel=\"noopener noreferrer\"><img loading=\"lazy\" decoding=\"async\" class=\"aligncenter size-full wp-image-9010\" src=\"https:\/\/www.tecowash.com\/tecowash18\/wp-content\/uploads\/2019\/10\/pdf_logo_B.png\" alt=\"\" width=\"250\" height=\"121\" srcset=\"https:\/\/www.tecowash.com\/tecowash18\/wp-content\/uploads\/2019\/10\/pdf_logo_B.png 250w, https:\/\/www.tecowash.com\/tecowash18\/wp-content\/uploads\/2019\/10\/pdf_logo_B-24x12.png 24w, https:\/\/www.tecowash.com\/tecowash18\/wp-content\/uploads\/2019\/10\/pdf_logo_B-36x17.png 36w, https:\/\/www.tecowash.com\/tecowash18\/wp-content\/uploads\/2019\/10\/pdf_logo_B-48x23.png 48w\" sizes=\"(max-width: 250px) 100vw, 250px\" \/><br \/>\n<\/a><\/p>\n<div style=\"width: 980px;\" class=\"wp-video\"><!--[if lt IE 9]><script>document.createElement('video');<\/script><![endif]-->\n<video class=\"wp-video-shortcode\" id=\"video-16209-1\" width=\"980\" height=\"551\" preload=\"metadata\" controls=\"controls\"><source type=\"video\/mp4\" src=\"https:\/\/www.tecowash.com\/tecowash18\/wp-content\/uploads\/2021\/09\/Pack_1_tecowash_spain_S_P_JUL_22.mp4?_=1\" \/><a href=\"https:\/\/www.tecowash.com\/tecowash18\/wp-content\/uploads\/2021\/09\/Pack_1_tecowash_spain_S_P_JUL_22.mp4\">https:\/\/www.tecowash.com\/tecowash18\/wp-content\/uploads\/2021\/09\/Pack_1_tecowash_spain_S_P_JUL_22.mp4<\/a><\/video><\/div>\n<p>&nbsp;<\/p>\n<p><span style=\"color: #ff0000;\"><strong><span style=\"font-size: 18pt;\">Para AUTO SERVICIO<\/span><\/strong><\/span><br \/>\n<span style=\"color: #000000;\"><strong><span style=\"font-size: 18pt;\">PACK-1 Lavadero en Auto-Servicio Lanza doble Foam y Aclarado. <span style=\"color: #000000;\">1 brazo en pista<\/span><\/span><\/strong><\/span><\/p>\n<p><span style=\"color: #000000;\"><strong>Referencia:<\/strong> TEC0078.\u00a0 \u00a0<span style=\"color: #ff0000;\"><strong>P.V. 2.597,25 \u20ac + a este precio faltar\u00e1 a\u00f1adir el grupo bomba motor a elegir entre varias potencias.<\/strong><\/span><\/span><\/p>\n<p><span style=\"color: #000000;\">Pack especial para 1 pista de lavado en auto servicio. <\/span><br \/>\n<span style=\"color: #000000;\">Compuesto de 1 lanza doble, girando el seleccionador a la derecha o izquierda, saldr\u00e1 FOAM o aclarado (agua). Con 1 brazo independiente a techo. Monedero de fichas o monedas de 1 \u20ac a elegir. <\/span><br \/>\n<span style=\"color: #000000;\">Este sistema dispone de agua descalcificada y con el detergente Spumone Hyper no precisa agua caliente. Detergente de acci\u00f3n inmediata sin da\u00f1ar la pintura, llantas o abrillantados.<\/span> <br \/>\n<strong><span style=\"color: #000000;\">Contenido del Pack-1:<\/span><\/strong><br \/>\n<span style=\"color: #000000;\"><strong>Referencia:<\/strong> TEC0002 Brazo \u201cZ\u201d a pared (a)<\/span><br \/>\n<span style=\"color: #000000;\"><strong>Referencia:<\/strong> para 5 metros: 4610523050 \u2013 1\/4\u201dH \u2013 1\/4\u201dH Manguera de poliamida 5 m (b9<\/span><br \/>\n<span style=\"color: #000000;\"><strong>Referencia:<\/strong> 200 175 400. Lanza doble (Foam + aclarado) (c)<\/span><br \/>\n<span style=\"color: #000000;\"><strong>Referencia:<\/strong> 26.0024 Soporte para la lanza (d)<\/span><br \/>\n<span style=\"color: #000000;\"><strong>Referencia:<\/strong> 200 160 505 Injector 1.4 m (e)<\/span><br \/>\n<span style=\"color: #000000;\"><strong>Referencia:<\/strong> SOFT-D Descalcificador Compac 2 (f)<\/span><br \/>\n<span style=\"color: #000000;\"><strong>Referencia:<\/strong> 925 622 01 Monedero Auto Servicio, funcionamiento con monedas de 1\u20ac\u00a0 o fichas a elegir(g)<\/span><br \/>\n<span style=\"color: #000000;\"><strong>Referencia:<\/strong> 10.0119 Pistola 25 L (h)<\/span><br \/>\n<span style=\"color: #000000;\"><strong>Referencia:<\/strong> 79869 \u2013 Detergente Spumone Hyper FOAM (I)<\/span><\/p>\n<p><span style=\"color: #ff0000;\"><strong>Importante:<\/strong> Consultar litros por minuto de su bomba, Kw del motor el\u00e9ctrico y presi\u00f3n actual en la que trabaja su m\u00e1quina.<\/span><\/p>\n<p><strong><span style=\"color: #000000;\">Configure el Pack 1 a medida, con la potencia de nuestros grupos bomba motor. <\/span><\/strong><br \/>\n<span style=\"color: #000000;\">Un sistema totalmente compatible a medida de sus necesidades y trabaje desde el primer d\u00eda<\/span><\/p>\n<p><span style=\"color: #000000;\">Grupo Bomba de Alta Presi\u00f3n robusto para muchas horas de trabajo a medida seg\u00fan presi\u00f3n de trabajo.<\/span><br \/>\n<span style=\"color: #000000;\"><strong>Referencia:<\/strong> TEC0053 \u2013 Grupo bomba 5, 5 Kw motor con campana y brida, bomba Hawk Niquelado 15 l\/minuto 150 bar.<\/span><br \/>\n<span style=\"color: #ff0000;\"><strong>P.V. 1.550,00 \u20ac<\/strong><\/span><br \/>\n<span style=\"color: #000000;\"><strong>Referencia:<\/strong> TEC0054 \u2013 Grupo bomba 7, 5 Kw motor con campana y brida, bomba Hawk Niquelado 1 8l\/minuto 200 bar.<\/span><br \/>\n<span style=\"color: #ff0000;\"><strong>P.V. 1.750,00 \u20ac<\/strong><\/span><br \/>\n<span style=\"color: #000000;\"><strong>Referencia:<\/strong> TEC0055 \u2013 Grupo bomba 7, 5 Kw motor con campana y brida, bomba Hawk Niquelado 21 l\/minuto 210 bar.<\/span><br \/>\n<span style=\"color: #ff0000;\"><strong>P.V. 1.850,00 \u20ac<\/strong><\/span><br \/>\n<span style=\"color: #000000;\"><strong>Referencia:<\/strong> 105000020 \u2013 Soporte para Grupo Bomba de 4 Kw hasta 7,5 Kw.<\/span><br \/>\n<span style=\"color: #ff0000;\"><strong>P.V. 125,45 \u20ac<\/strong><\/span><\/p>\n<p><a href=\"https:\/\/www.tecowash.com\/tecowash18\/wp-content\/uploads\/2021\/08\/PACK_1_FOTO_H_.png\"><img loading=\"lazy\" decoding=\"async\" class=\"alignleft wp-image-17594 size-full\" src=\"https:\/\/www.tecowash.com\/tecowash18\/wp-content\/uploads\/2021\/08\/PACK_1_FOTO_H_.png\" alt=\"\" width=\"743\" height=\"914\" srcset=\"https:\/\/www.tecowash.com\/tecowash18\/wp-content\/uploads\/2021\/08\/PACK_1_FOTO_H_.png 743w, https:\/\/www.tecowash.com\/tecowash18\/wp-content\/uploads\/2021\/08\/PACK_1_FOTO_H_-416x512.png 416w, https:\/\/www.tecowash.com\/tecowash18\/wp-content\/uploads\/2021\/08\/PACK_1_FOTO_H_-244x300.png 244w, https:\/\/www.tecowash.com\/tecowash18\/wp-content\/uploads\/2021\/08\/PACK_1_FOTO_H_-600x738.png 600w, https:\/\/www.tecowash.com\/tecowash18\/wp-content\/uploads\/2021\/08\/PACK_1_FOTO_H_-20x24.png 20w, https:\/\/www.tecowash.com\/tecowash18\/wp-content\/uploads\/2021\/08\/PACK_1_FOTO_H_-29x36.png 29w, https:\/\/www.tecowash.com\/tecowash18\/wp-content\/uploads\/2021\/08\/PACK_1_FOTO_H_-39x48.png 39w\" sizes=\"(max-width: 743px) 100vw, 743px\" \/><\/a><\/p>\n<p>&nbsp;<\/p>\n","protected":false},"excerpt":{"rendered":"<p>&nbsp; Para AUTO SERVICIO PACK-1 Lavadero en Auto-Servicio Lanza doble Foam y Aclarado. 1 brazo en pista Referencia: TEC0078.\u00a0 \u00a0P.V. 2.597,25 \u20ac + a este precio faltar\u00e1 a\u00f1adir el grupo bomba motor a elegir entre varias potencias. Pack especial para 1 pista de lavado en auto servicio. Compuesto de 1 lanza doble, girando el seleccionador [&hellip;]<\/p>\n","protected":false},"featured_media":16261,"template":"","meta":[],"product_cat":[127,128,129,96,163],"product_tag":[],"class_list":["post-16209","product","type-product","status-publish","has-post-thumbnail","hentry","product_cat-hidrolimpiadoras-grupos-bomba-motor","product_cat-agua-fria","product_cat-agua-caliente","product_cat-maquinaria-de-lavado-manual","product_cat-kits-de-espuma"],"publishpress_future_workflow_manual_trigger":{"enabledWorkflows":[]},"_links":{"self":[{"href":"https:\/\/www.tecowash.com\/tecowash18\/wp-json\/wp\/v2\/product\/16209"}],"collection":[{"href":"https:\/\/www.tecowash.com\/tecowash18\/wp-json\/wp\/v2\/product"}],"about":[{"href":"https:\/\/www.tecowash.com\/tecowash18\/wp-json\/wp\/v2\/types\/product"}],"wp:featuredmedia":[{"embeddable":true,"href":"https:\/\/www.tecowash.com\/tecowash18\/wp-json\/wp\/v2\/media\/16261"}],"wp:attachment":[{"href":"https:\/\/www.tecowash.com\/tecowash18\/wp-json\/wp\/v2\/media?parent=16209"}],"wp:term":[{"taxonomy":"product_cat","embeddable":true,"href":"https:\/\/www.tecowash.com\/tecowash18\/wp-json\/wp\/v2\/product_cat?post=16209"},{"taxonomy":"product_tag","embeddable":true,"href":"https:\/\/www.tecowash.com\/tecowash18\/wp-json\/wp\/v2\/product_tag?post=16209"}],"curies":[{"name":"wp","href":"https:\/\/api.w.org\/{rel}","templated":true}]}}