{"id":14981,"date":"2021-04-13T11:55:45","date_gmt":"2021-04-13T09:55:45","guid":{"rendered":"https:\/\/www.tecowash.com\/tecowash18\/?post_type=product&#038;p=14981"},"modified":"2024-09-18T08:51:48","modified_gmt":"2024-09-18T06:51:48","slug":"monedero-mecanico-con-retorno-de-monedas","status":"publish","type":"product","link":"https:\/\/www.tecowash.com\/tecowash18\/producto\/monedero-mecanico-con-retorno-de-monedas\/","title":{"rendered":"MONEDERO MECANICO CON RETORNO DE MONEDAS"},"content":{"rendered":"<p><a href=\"https:\/\/www.tecowash.com\/tecowash18\/wp-content\/uploads\/2019\/10\/MONEDEROS_tecowash_sep_2024.pdf\" target=\"_blank\" rel=\"noopener noreferrer\"><img loading=\"lazy\" decoding=\"async\" class=\"aligncenter size-full wp-image-9010\" src=\"https:\/\/www.tecowash.com\/tecowash18\/wp-content\/uploads\/2019\/10\/pdf_logo_B.png\" alt=\"\" width=\"250\" height=\"121\" srcset=\"https:\/\/www.tecowash.com\/tecowash18\/wp-content\/uploads\/2019\/10\/pdf_logo_B.png 250w, https:\/\/www.tecowash.com\/tecowash18\/wp-content\/uploads\/2019\/10\/pdf_logo_B-24x12.png 24w, https:\/\/www.tecowash.com\/tecowash18\/wp-content\/uploads\/2019\/10\/pdf_logo_B-36x17.png 36w, https:\/\/www.tecowash.com\/tecowash18\/wp-content\/uploads\/2019\/10\/pdf_logo_B-48x23.png 48w\" sizes=\"(max-width: 250px) 100vw, 250px\" \/><\/a><\/p>\n<p><strong><span style=\"font-size: 18pt;\"><span style=\"color: #000000;\">MONEDERO MECANICO CON<\/span> <span style=\"color: #99cc00;\">RETORNO DE MONEDAS<\/span><\/span><\/strong><\/p>\n<p><span style=\"color: #000000;\"><strong>Referencia:<\/strong> 925 712 303 <strong>FICHAS. <span style=\"color: #ff0000;\">P.V. 563,62 \u20ac<\/span><\/strong><\/span><br \/>\n<span style=\"color: #000000;\"><strong>Referencia:<\/strong> 925 712 301 <strong>MONEDAS DE 1 \u20ac. <span style=\"color: #ff0000;\">P.V. 563,62 \u20ac<\/span><\/strong><\/span><br \/>\n<span style=\"color: #000000;\">Monedero mec\u00e1nico con retorno de monedas<\/span><br \/>\n<span style=\"color: #000000;\">No acumula monedas: 1 solo<\/span><br \/>\n<span style=\"color: #000000;\">Dsiplay para el tiempo restante con tres d\u00edgitos<\/span><br \/>\n<span style=\"color: #000000;\">Preselecci\u00f3n \/ m\u00ednimo 1-4 monedas ajustables<\/span><br \/>\n<span style=\"color: #000000;\">Ajustable de 1-320 minutos<\/span><br \/>\n<span style=\"color: #000000;\">Monedero mec\u00e1nico como opci\u00f3n<\/span><br \/>\n<span style=\"color: #000000;\">Electr\u00f3nica completamente aislada en caja estanca<\/span><br \/>\n<span style=\"color: #000000;\">Contacto 16A-AC1<\/span><br \/>\n<span style=\"color: #000000;\">AxLxA: 260x160x110mm<\/span><br \/>\n<span style=\"color: #000000;\">Peso: 3,5 kg<\/span><br \/>\n<span style=\"color: #000000;\">230V<\/span><br \/>\n<span style=\"color: #000000;\">50 Hz<\/span><\/p>\n<p>&nbsp;<\/p>\n<p><a href=\"https:\/\/www.tecowash.com\/tecowash18\/wp-content\/uploads\/2021\/04\/Moneder_Nou_ma.png\"><img loading=\"lazy\" decoding=\"async\" class=\"aligncenter wp-image-16253 size-large\" src=\"https:\/\/www.tecowash.com\/tecowash18\/wp-content\/uploads\/2021\/04\/Moneder_Nou_ma-1024x727.png\" alt=\"\" width=\"980\" height=\"696\" srcset=\"https:\/\/www.tecowash.com\/tecowash18\/wp-content\/uploads\/2021\/04\/Moneder_Nou_ma-1024x727.png 1024w, https:\/\/www.tecowash.com\/tecowash18\/wp-content\/uploads\/2021\/04\/Moneder_Nou_ma-416x295.png 416w, https:\/\/www.tecowash.com\/tecowash18\/wp-content\/uploads\/2021\/04\/Moneder_Nou_ma-300x213.png 300w, https:\/\/www.tecowash.com\/tecowash18\/wp-content\/uploads\/2021\/04\/Moneder_Nou_ma-768x545.png 768w, https:\/\/www.tecowash.com\/tecowash18\/wp-content\/uploads\/2021\/04\/Moneder_Nou_ma-600x426.png 600w, https:\/\/www.tecowash.com\/tecowash18\/wp-content\/uploads\/2021\/04\/Moneder_Nou_ma-24x17.png 24w, https:\/\/www.tecowash.com\/tecowash18\/wp-content\/uploads\/2021\/04\/Moneder_Nou_ma-36x26.png 36w, https:\/\/www.tecowash.com\/tecowash18\/wp-content\/uploads\/2021\/04\/Moneder_Nou_ma-48x34.png 48w, https:\/\/www.tecowash.com\/tecowash18\/wp-content\/uploads\/2021\/04\/Moneder_Nou_ma.png 1080w\" sizes=\"(max-width: 980px) 100vw, 980px\" \/><\/a><\/p>\n","protected":false},"excerpt":{"rendered":"<p>MONEDERO MECANICO CON RETORNO DE MONEDAS Referencia: 925 712 303 FICHAS. P.V. 563,62 \u20ac Referencia: 925 712 301 MONEDAS DE 1 \u20ac. P.V. 563,62 \u20ac Monedero mec\u00e1nico con retorno de monedas No acumula monedas: 1 solo Dsiplay para el tiempo restante con tres d\u00edgitos Preselecci\u00f3n \/ m\u00ednimo 1-4 monedas ajustables Ajustable de 1-320 minutos Monedero [&hellip;]<\/p>\n","protected":false},"featured_media":16252,"template":"","meta":[],"product_cat":[174,182],"product_tag":[],"class_list":["post-14981","product","type-product","status-publish","has-post-thumbnail","hentry","product_cat-recambios-carwash","product_cat-monederos-y-recambios-electronicos"],"publishpress_future_workflow_manual_trigger":{"enabledWorkflows":[]},"_links":{"self":[{"href":"https:\/\/www.tecowash.com\/tecowash18\/wp-json\/wp\/v2\/product\/14981"}],"collection":[{"href":"https:\/\/www.tecowash.com\/tecowash18\/wp-json\/wp\/v2\/product"}],"about":[{"href":"https:\/\/www.tecowash.com\/tecowash18\/wp-json\/wp\/v2\/types\/product"}],"wp:featuredmedia":[{"embeddable":true,"href":"https:\/\/www.tecowash.com\/tecowash18\/wp-json\/wp\/v2\/media\/16252"}],"wp:attachment":[{"href":"https:\/\/www.tecowash.com\/tecowash18\/wp-json\/wp\/v2\/media?parent=14981"}],"wp:term":[{"taxonomy":"product_cat","embeddable":true,"href":"https:\/\/www.tecowash.com\/tecowash18\/wp-json\/wp\/v2\/product_cat?post=14981"},{"taxonomy":"product_tag","embeddable":true,"href":"https:\/\/www.tecowash.com\/tecowash18\/wp-json\/wp\/v2\/product_tag?post=14981"}],"curies":[{"name":"wp","href":"https:\/\/api.w.org\/{rel}","templated":true}]}}