{"id":10768,"date":"2020-03-05T10:19:53","date_gmt":"2020-03-05T09:19:53","guid":{"rendered":"https:\/\/www.tecowash.com\/tecowash18\/?post_type=product&#038;p=10768"},"modified":"2023-06-29T09:31:45","modified_gmt":"2023-06-29T07:31:45","slug":"pistola-top-foam-2-2","status":"publish","type":"product","link":"https:\/\/www.tecowash.com\/tecowash18\/producto\/pistola-top-foam-2-2\/","title":{"rendered":"PISTOLA TOP FOAM"},"content":{"rendered":"<div class=\"page\" title=\"Page 77\">\n<div class=\"section\">\n<div class=\"layoutArea\">\n<div class=\"column\">\n<div class=\"page\" title=\"Page 77\">\n<div class=\"section\">\n<div class=\"layoutArea\">\n<div class=\"column\">\n<div class=\"page\" title=\"Page 78\">\n<div class=\"section\">\n<div class=\"layoutArea\">\n<div class=\"column\">\n<p><a href=\"https:\/\/www.tecowash.com\/tecowash18\/wp-content\/uploads\/2020\/03\/PISTOLAS_AIRE_COMPRIMIDO_tecowash_spain_jun_23.pdf\" target=\"_blank\" rel=\"noopener noreferrer\"><img loading=\"lazy\" decoding=\"async\" class=\"aligncenter size-full wp-image-9010\" src=\"https:\/\/www.tecowash.com\/tecowash18\/wp-content\/uploads\/2019\/10\/pdf_logo_B.png\" alt=\"\" width=\"250\" height=\"121\" srcset=\"https:\/\/www.tecowash.com\/tecowash18\/wp-content\/uploads\/2019\/10\/pdf_logo_B.png 250w, https:\/\/www.tecowash.com\/tecowash18\/wp-content\/uploads\/2019\/10\/pdf_logo_B-24x12.png 24w, https:\/\/www.tecowash.com\/tecowash18\/wp-content\/uploads\/2019\/10\/pdf_logo_B-36x17.png 36w, https:\/\/www.tecowash.com\/tecowash18\/wp-content\/uploads\/2019\/10\/pdf_logo_B-48x23.png 48w\" sizes=\"(max-width: 250px) 100vw, 250px\" \/><\/a><\/p>\n<p>&nbsp;<\/p>\n<p><a href=\"https:\/\/www.tecowash.com\/tecowash18\/wp-content\/uploads\/2020\/03\/Pistola_TOP_FOAM_tecowash.mp4\" target=\"_blank\" rel=\"noopener noreferrer\"><img loading=\"lazy\" decoding=\"async\" class=\"aligncenter wp-image-14210 size-full\" src=\"https:\/\/www.tecowash.com\/tecowash18\/wp-content\/uploads\/2020\/03\/Videos_Top_Foam.png\" alt=\"\" width=\"359\" height=\"79\" srcset=\"https:\/\/www.tecowash.com\/tecowash18\/wp-content\/uploads\/2020\/03\/Videos_Top_Foam.png 359w, https:\/\/www.tecowash.com\/tecowash18\/wp-content\/uploads\/2020\/03\/Videos_Top_Foam-300x66.png 300w, https:\/\/www.tecowash.com\/tecowash18\/wp-content\/uploads\/2020\/03\/Videos_Top_Foam-24x5.png 24w, https:\/\/www.tecowash.com\/tecowash18\/wp-content\/uploads\/2020\/03\/Videos_Top_Foam-36x8.png 36w, https:\/\/www.tecowash.com\/tecowash18\/wp-content\/uploads\/2020\/03\/Videos_Top_Foam-48x11.png 48w\" sizes=\"(max-width: 359px) 100vw, 359px\" \/><\/a><\/p>\n<p><strong><span style=\"font-size: 18pt;\"><span style=\"color: #000000;\">PISTOLA<\/span> <span style=\"color: #99cc00;\">TOP FOAM<\/span><\/span><\/strong><\/p>\n<p><span style=\"color: #000000;\"><strong>Referencia:<\/strong> FOAM <strong>&#8211; Pistola Top Foam.<\/strong><\/span><br \/>\n<span style=\"color: #000000;\">Pistola para la limpieza con espuma de tapicer\u00edas, carrocer\u00edas y para el lavado de las partes mec\u00e1nicas como motores, llantas, etc.<\/span><br \/>\n<span style=\"color: #000000;\">Con v\u00e1lvula de regulaci\u00f3n para una \u00f3ptima dosificaci\u00f3n del detergente.<\/span><br \/>\n<span style=\"color: #000000;\">Dispositivo alimentado exclusivamente a aire comprimido. <\/span><br \/>\n<span style=\"color: #000000;\">Id\u00f3neo para usar con producto LAVA INTERNI B.<\/span><\/p>\n<div>\n<p>&nbsp;<\/p>\n<\/div>\n<\/div>\n<\/div>\n<\/div>\n<\/div>\n<\/div>\n<\/div>\n<\/div>\n<\/div>\n<\/div>\n<\/div>\n<\/div>\n<\/div>\n","protected":false},"excerpt":{"rendered":"<p>&nbsp; PISTOLA TOP FOAM Referencia: FOAM &#8211; Pistola Top Foam. Pistola para la limpieza con espuma de tapicer\u00edas, carrocer\u00edas y para el lavado de las partes mec\u00e1nicas como motores, llantas, etc. Con v\u00e1lvula de regulaci\u00f3n para una \u00f3ptima dosificaci\u00f3n del detergente. Dispositivo alimentado exclusivamente a aire comprimido. Id\u00f3neo para usar con producto LAVA INTERNI B. [&hellip;]<\/p>\n","protected":false},"featured_media":14253,"template":"","meta":[],"product_cat":[96,163,157],"product_tag":[],"class_list":["post-10768","product","type-product","status-publish","has-post-thumbnail","hentry","product_cat-maquinaria-de-lavado-manual","product_cat-kits-de-espuma","product_cat-limpia-tapicerias"],"publishpress_future_workflow_manual_trigger":{"enabledWorkflows":[]},"_links":{"self":[{"href":"https:\/\/www.tecowash.com\/tecowash18\/wp-json\/wp\/v2\/product\/10768"}],"collection":[{"href":"https:\/\/www.tecowash.com\/tecowash18\/wp-json\/wp\/v2\/product"}],"about":[{"href":"https:\/\/www.tecowash.com\/tecowash18\/wp-json\/wp\/v2\/types\/product"}],"wp:featuredmedia":[{"embeddable":true,"href":"https:\/\/www.tecowash.com\/tecowash18\/wp-json\/wp\/v2\/media\/14253"}],"wp:attachment":[{"href":"https:\/\/www.tecowash.com\/tecowash18\/wp-json\/wp\/v2\/media?parent=10768"}],"wp:term":[{"taxonomy":"product_cat","embeddable":true,"href":"https:\/\/www.tecowash.com\/tecowash18\/wp-json\/wp\/v2\/product_cat?post=10768"},{"taxonomy":"product_tag","embeddable":true,"href":"https:\/\/www.tecowash.com\/tecowash18\/wp-json\/wp\/v2\/product_tag?post=10768"}],"curies":[{"name":"wp","href":"https:\/\/api.w.org\/{rel}","templated":true}]}}