{"id":10686,"date":"2020-03-05T09:42:14","date_gmt":"2020-03-05T08:42:14","guid":{"rendered":"https:\/\/www.tecowash.com\/tecowash18\/?post_type=product&#038;p=10686"},"modified":"2022-02-25T09:38:36","modified_gmt":"2022-02-25T08:38:36","slug":"limpia-tapicerias-a-vapor-de-1-motor-y-aspirador-2","status":"publish","type":"product","link":"https:\/\/www.tecowash.com\/tecowash18\/producto\/limpia-tapicerias-a-vapor-de-1-motor-y-aspirador-2\/","title":{"rendered":"LIMPIA TAPICERI\u0301AS DE 1 MOTOR"},"content":{"rendered":"<div class=\"page\" title=\"Page 75\">\n<div class=\"section\">\n<div class=\"layoutArea\">\n<div class=\"column\">\n<p><a href=\"https:\/\/www.tecowash.com\/tecowash18\/wp-content\/uploads\/2018\/06\/LIPIA_TAPICERIAS_VAPOR_tecowash_spain_feb_2022_B.pdf\" target=\"_blank\" rel=\"noopener noreferrer\"><img loading=\"lazy\" decoding=\"async\" class=\"aligncenter size-full wp-image-9010\" src=\"https:\/\/www.tecowash.com\/tecowash18\/wp-content\/uploads\/2019\/10\/pdf_logo_B.png\" alt=\"\" width=\"250\" height=\"121\" srcset=\"https:\/\/www.tecowash.com\/tecowash18\/wp-content\/uploads\/2019\/10\/pdf_logo_B.png 250w, https:\/\/www.tecowash.com\/tecowash18\/wp-content\/uploads\/2019\/10\/pdf_logo_B-24x12.png 24w, https:\/\/www.tecowash.com\/tecowash18\/wp-content\/uploads\/2019\/10\/pdf_logo_B-36x17.png 36w, https:\/\/www.tecowash.com\/tecowash18\/wp-content\/uploads\/2019\/10\/pdf_logo_B-48x23.png 48w\" sizes=\"(max-width: 250px) 100vw, 250px\" \/><\/a><\/p>\n<p><a href=\"https:\/\/www.tecowash.com\/tecowash18\/wp-content\/uploads\/2018\/07\/Limpia_Tapicerias_Lava_Interni_tecowash_spain_2021-1.mp4\"><img loading=\"lazy\" decoding=\"async\" class=\"aligncenter size-full wp-image-11498\" src=\"https:\/\/www.tecowash.com\/tecowash18\/wp-content\/uploads\/2020\/05\/Video_Logo_petit.png\" alt=\"\" width=\"150\" height=\"51\" srcset=\"https:\/\/www.tecowash.com\/tecowash18\/wp-content\/uploads\/2020\/05\/Video_Logo_petit.png 150w, https:\/\/www.tecowash.com\/tecowash18\/wp-content\/uploads\/2020\/05\/Video_Logo_petit-24x8.png 24w, https:\/\/www.tecowash.com\/tecowash18\/wp-content\/uploads\/2020\/05\/Video_Logo_petit-36x12.png 36w, https:\/\/www.tecowash.com\/tecowash18\/wp-content\/uploads\/2020\/05\/Video_Logo_petit-48x16.png 48w\" sizes=\"(max-width: 150px) 100vw, 150px\" \/><\/a><\/p>\n<p><strong><span style=\"font-size: 18pt\">LIMPIA TAPICERI\u0301AS <span style=\"color: #99cc00\">DE 1 MOTOR .<\/span><\/span><\/strong><\/p>\n<p><strong>Referencia:<\/strong> VAC110PP<strong> &#8211; Limpia tapicer\u00edas mediante inyecci\u00f3n y extracci\u00f3n.<\/strong><br \/>\n1 Motor y Aspirador.<br \/>\nEs una maquina 2 en 1, limpia tapicer\u00edas y aspirador de polvo fabricado en pl\u00e1stico anti vand\u00e1lico <br \/>\nde un motor, peso ligero y muy manejable.<br \/>\n<strong>Ficha:<\/strong> <br \/>\n<strong>Motores:<\/strong> 1.<br \/>\n<strong>Potencia:<\/strong> 1.250 W.<br \/>\n<strong>Deposito tanque:<\/strong> Poli Propileo anti vand\u00e1lico.<br \/>\n<strong>Capacidad tanque:<\/strong> 21 L.<br \/>\n<strong>Accesorios:<\/strong> <br \/>\nBoquilla para aspirar polvo de los suelos. <br \/>\nBoquilla para aspirar agua del suelo. <br \/>\nBoquilla para limpiar moquetas. <br \/>\nBoquilla para limpiar tapizados. <br \/>\nCepillo redondo con pelo. <br \/>\nEsp\u00e1tula para polvo. <br \/>\nAlargador para boquillas de suelo y boquilla de agua peque\u00f1a.<\/p>\n<\/div>\n<\/div>\n<\/div>\n<\/div>\n","protected":false},"excerpt":{"rendered":"<p>LIMPIA TAPICERI\u0301AS DE 1 MOTOR . Referencia: VAC110PP &#8211; Limpia tapicer\u00edas mediante inyecci\u00f3n y extracci\u00f3n. 1 Motor y Aspirador. Es una maquina 2 en 1, limpia tapicer\u00edas y aspirador de polvo fabricado en pl\u00e1stico anti vand\u00e1lico de un motor, peso ligero y muy manejable. Ficha: Motores: 1. Potencia: 1.250 W. Deposito tanque: Poli Propileo anti [&hellip;]<\/p>\n","protected":false},"featured_media":10687,"template":"","meta":[],"product_cat":[96,157],"product_tag":[],"class_list":["post-10686","product","type-product","status-publish","has-post-thumbnail","hentry","product_cat-maquinaria-de-lavado-manual","product_cat-limpia-tapicerias"],"publishpress_future_workflow_manual_trigger":{"enabledWorkflows":[]},"_links":{"self":[{"href":"https:\/\/www.tecowash.com\/tecowash18\/wp-json\/wp\/v2\/product\/10686"}],"collection":[{"href":"https:\/\/www.tecowash.com\/tecowash18\/wp-json\/wp\/v2\/product"}],"about":[{"href":"https:\/\/www.tecowash.com\/tecowash18\/wp-json\/wp\/v2\/types\/product"}],"wp:featuredmedia":[{"embeddable":true,"href":"https:\/\/www.tecowash.com\/tecowash18\/wp-json\/wp\/v2\/media\/10687"}],"wp:attachment":[{"href":"https:\/\/www.tecowash.com\/tecowash18\/wp-json\/wp\/v2\/media?parent=10686"}],"wp:term":[{"taxonomy":"product_cat","embeddable":true,"href":"https:\/\/www.tecowash.com\/tecowash18\/wp-json\/wp\/v2\/product_cat?post=10686"},{"taxonomy":"product_tag","embeddable":true,"href":"https:\/\/www.tecowash.com\/tecowash18\/wp-json\/wp\/v2\/product_tag?post=10686"}],"curies":[{"name":"wp","href":"https:\/\/api.w.org\/{rel}","templated":true}]}}