{"id":5583,"date":"2018-12-19T11:22:51","date_gmt":"2018-12-19T10:22:51","guid":{"rendered":"https:\/\/www.tecowash.com\/tecowash18\/?page_id=5583"},"modified":"2024-07-02T13:48:43","modified_gmt":"2024-07-02T11:48:43","slug":"aviso-legal","status":"publish","type":"page","link":"https:\/\/www.tecowash.com\/tecowash18\/aviso-legal\/","title":{"rendered":"Aviso Legal"},"content":{"rendered":"<h1>Aviso Legal<\/h1>\n<p>\nEl sitio Web <strong>www.tecowash.com<\/strong> (en adelante TECOWASH S.L.)\u00a0<br \/>\nTecowash, Pol.Ind Abastaments, c\/M\u00e1s Falgas 21 17005 Girona \u00b7 info@tecowash.com<br \/>\nAsesoramiento comercial: 655 564 792<\/p>\n<p>La realizaci\u00f3n de un pedido en TECO WASH supone la aceptaci\u00f3n por parte del cliente de las condiciones legales aqu\u00ed descritas y declara que dispone de la capacidad legal necesaria para contratar los servicios ofertados por TECO WASH.<br \/>\nNinguna estipulaci\u00f3n o modificaci\u00f3n hecha por el cliente podr\u00e1 diferir de las aqu\u00ed estipuladas si no ha sido expresamente aceptada previamente y por escrito por TECO WASH. En cualquier caso, el pedido no se considerar\u00e1 definitivo hasta que sea aceptado por TECO WASH.<br \/>\nTECO WASH se reserva el derecho a modificar, actualizar o eliminar la informaci\u00f3n contenida en la web.<br \/>\nTECO WASH emplea todos los medios a su alcance para asegurarse de que la informaci\u00f3n que aparece en esta p\u00e1gina Web es correcta y se encuentra actualizada.<br \/>\nLa empresa no se hace responsable de las interpretaciones equivocadas sobre la informaci\u00f3n existente en la web, as\u00ed como de los errores u omisiones que pudieran existir en la misma.<br \/>\nLa informaci\u00f3n que figura en la web, as\u00ed como los precios, los cat\u00e1logos y las listas de precios es s\u00f3lo a t\u00edtulo indicativo. TECO WASH podr\u00e1 modificarlos en cualquier momento, sin previo aviso, como resultado de la fluctuaci\u00f3n de las divisas, de la evoluci\u00f3n de las condiciones econ\u00f3micas, o cualesquiera circunstancias con el objeto de tener informado puntualmente al cliente de dichos cambios.<br \/>\nAs\u00ed mismo, TECO WASH tampoco se hace responsable de los enlaces a otras p\u00e1ginas web que no sean propiedad suya y que, por lo tanto, no pueden ser controlados por \u00e9sta.<\/p>\n<p>\nTERMINOS DE USO<br \/>\nEl usuario se obliga a utilizar la informaci\u00f3n contenida en la presente p\u00e1gina Web para sus propias necesidades exclusivamente y a no realizar directa o indirectamente ning\u00fan tipo de explotaci\u00f3n comercial de los contenidos y servicios a los que tiene acceso. El usuario tendr\u00e1 derecho al acceso libre y gratuito de la informaci\u00f3n p\u00fablica recogida en la misma, si bien TECO WASH S.L. se reserva el derecho a restringir el acceso a determinadas secciones y servicios del Portal. Es intenci\u00f3n de TECO WASH S.L. ofrecer en todo momento una informaci\u00f3n veraz y actualizada. Sin embargo, esta informaci\u00f3n puede contener incorrecciones tipogr\u00e1ficas o incluso t\u00e9cnicas y TECO WASH S.L. no se responsabiliza de la idoneidad de la informaci\u00f3n contenida en la Web.<\/p>\n<p>ENLACES<\/p>\n<p>Esta Web puede ofrecer diferentes enlaces con otras p\u00e1ginas Web de terceros, cuyo contenido puede variar, de forma r\u00e1pida, por las caracter\u00edsticas propias de Internet. Por tanto, TECO WASH S.L. no se hace responsable de las informaciones, servicios y contenido en general de dichas p\u00e1ginas Web de terceros. Cualquier p\u00e1gina externa a la que se acceda desde la p\u00e1gina de TECO WASH S.L. es independiente y TECO WASH S.L. no tiene ning\u00fan control del contenido de esa p\u00e1gina. Adem\u00e1s, un enlace con cualquier otra p\u00e1gina que no sea de TECO WASH S.L. no implica que \u00e9sta respalde o acepte ninguna responsabilidad por su contenido o uso.<br \/>\nEn el caso de que TECO WASH S.L. tuviera conocimiento efectivo de que la actividad o la informaci\u00f3n a la que remiten estos enlaces es il\u00edcita, constitutiva de delito o que puede lesionar bienes o derechos de terceros susceptibles de indemnizaci\u00f3n, actuar\u00e1 con la diligencia necesaria para suprimir o inutilizar el enlace correspondiente a la mayor brevedad posible.<\/p>\n<p>UTILIZACI\u00d3N DE COOKIES<br \/>\nEsta p\u00e1gina Web puede utilizar cookies. El usuario tiene la posibilidad de impedir la generaci\u00f3n de cookies, marcando la correspondiente opci\u00f3n de men\u00fa en su programa de navegaci\u00f3n aunque si opta por desactivar el uso de las cookies es posible que se vea afectado el funcionamiento de esta p\u00e1gina Web. Las cookies son peque\u00f1os archivos de texto que el navegador almacena dentro del disco duro del usuario. Cuando se navega a trav\u00e9s de la p\u00e1gina Web de TECO WASH S.L. el servidor podr\u00e1 reconocer la cookie y proporcionar informaci\u00f3n sobre la \u00faltima visita.<\/p>\n<p>DERECHOS DE PROPIEDAD<\/p>\n<p>Los derechos relativos a la propiedad industrial e intelectual (a t\u00edtulo enunciativo y no limitativo las marcas, logotipos, textos, fotograf\u00edas, iconos, im\u00e1genes, etc., as\u00ed como el dise\u00f1o gr\u00e1fico, c\u00f3digo fuente y dem\u00e1s elementos de software contenidos en la presente p\u00e1gina Web), son propiedad de TECO WASH S.L.. Por tanto, est\u00e1n sujetos a derechos de propiedad intelectual e industrial protegidos por la legislaci\u00f3n espa\u00f1ola e internacional. Sin la previa autorizaci\u00f3n escrita de forma fehaciente de TECO WASH S.L., no est\u00e1 permitido utilizar, reproducir, transmitir, manipular, as\u00ed como cualquier uso que exceda de la utilizaci\u00f3n necesaria para la visita de la p\u00e1gina y el uso de los servicios ofrecidos, as\u00ed como la reproducci\u00f3n e utilizaci\u00f3n de fotograf\u00edas. El acceso a los servicios suministrados no supone por parte de TECO WASH S.L. renuncia, transmisi\u00f3n, ni cesi\u00f3n total o parcial de los derechos derivados de la propiedad intelectual e industrial, ni atribuye derechos de utilizaci\u00f3n, alteraci\u00f3n, explotaci\u00f3n, reproducci\u00f3n, distribuci\u00f3n o comunicaci\u00f3n p\u00fablica sobre estos contenidos sin la previa y expresa autorizaci\u00f3n por escrito de los respectivos titulares de dichos derechos, sin perjuicio del derecho de visualizaci\u00f3n y obtenci\u00f3n de copia privada de seguridad de tales contenidos, siempre que dicho derecho se ejercite seg\u00fan los principios de buena fe y siempre que se mantenga inalterada la propiedad intelectual e industrial del titular de tales derechos, se utilice sin fines comerciales y exclusivamente para informaci\u00f3n personal del usuario. La responsabilidad derivada del uso de materiales protegidos por los derechos de propiedad intelectual e industrial contenidos en esta p\u00e1gina corresponder\u00e1 exclusivamente al usuario.<\/p>\n<p>\nPROTECCI\u00d3N DE DATOS<\/p>\n<p>La informaci\u00f3n recibida por TECO WASH S.L. a trav\u00e9s de la presente p\u00e1gina Web ser\u00e1 tratada con la m\u00e1xima reserva y confidencialidad. A los efectos de lo previsto en el art\u00edculo 5 de la Ley Org\u00e1nica 15\/1999, de 13 de diciembre, de Protecci\u00f3n de Datos de Car\u00e1cter Personal, TECO WASH S.L. informa al usuario de que los datos personales que pueda facilitar a trav\u00e9s de esta p\u00e1gina Web son incorporados en un fichero titularidad de la misma con la finalidad de desarrollar adecuadamente las solicitudes de los usuarios. TECO WASH S.L. podr\u00e1 utilizar los datos identificativos y de contacto de los usuarios para mantenerles informados sobre las actividades, productos y servicios de la empresa, o de otras actividades relacionadas con la misma, que puedan resultar de su inter\u00e9s. Derechos de acceso, rectificaci\u00f3n, cancelaci\u00f3n y oposici\u00f3n Se informa al usuario que puede ejercer en todo momento los derechos de acceso, rectificaci\u00f3n, cancelaci\u00f3n y oposici\u00f3n previstos en la Ley a trav\u00e9s de cualquier medio que permita acreditar el env\u00edo y la recepci\u00f3n de su solicitud. Direcci\u00f3n e-mail: info@tecowash.com<br \/>\nSeguridad en el tratamiento, proceso inform\u00e1tico y custodia de datos TECO WASH S.L. declara y garantiza que mantiene los niveles de seguridad de protecci\u00f3n de datos personales conforme al Real Decreto 1720\/2007 de 21 de diciembre, por el que se aprueba el Reglamento de desarrollo de la Ley Org\u00e1nica 15\/199 de 13 de diciembre, de protecci\u00f3n de datos de car\u00e1cter personal, que ha establecido todos los medios t\u00e9cnicos a su alcance para evitar la p\u00e9rdida, mal uso, alteraci\u00f3n, acceso no autorizado y robo de los datos facilitados por los usuarios, sin perjuicio de informar que las medidas de seguridad en Internet no son inexpugnables.<\/p>\n<p>JURISDICCI\u00d3N<br \/>\nLa resoluci\u00f3n de cualquier controversia o divergencia relacionada con el presente sitio Web se regir\u00e1 por la legislaci\u00f3n espa\u00f1ola, siendo exclusivamente competentes los Juzgados y Tribunales de la ciudad de Girona. \u00a9 Copyright 2018 &#8211; TECOWASH S.L.<\/p>\n","protected":false},"excerpt":{"rendered":"<p>Aviso Legal El sitio Web www.tecowash.com (en adelante TECOWASH S.L.)\u00a0 Tecowash, Pol.Ind Abastaments, c\/M\u00e1s Falgas 21 17005 Girona \u00b7 info@tecowash.com Asesoramiento comercial: 655 564 792 La realizaci\u00f3n de un pedido en TECO WASH supone la aceptaci\u00f3n por parte del cliente de las condiciones legales aqu\u00ed descritas y declara que dispone de la capacidad legal necesaria [&hellip;]<\/p>\n","protected":false},"author":1,"featured_media":0,"parent":0,"menu_order":0,"comment_status":"closed","ping_status":"closed","template":"","meta":{"footnotes":""},"class_list":["post-5583","page","type-page","status-publish","hentry"],"publishpress_future_action":{"enabled":false,"date":"2026-05-07 08:30:51","action":"change-status","newStatus":"draft","terms":[],"taxonomy":""},"publishpress_future_workflow_manual_trigger":{"enabledWorkflows":[]},"_links":{"self":[{"href":"https:\/\/www.tecowash.com\/tecowash18\/wp-json\/wp\/v2\/pages\/5583"}],"collection":[{"href":"https:\/\/www.tecowash.com\/tecowash18\/wp-json\/wp\/v2\/pages"}],"about":[{"href":"https:\/\/www.tecowash.com\/tecowash18\/wp-json\/wp\/v2\/types\/page"}],"author":[{"embeddable":true,"href":"https:\/\/www.tecowash.com\/tecowash18\/wp-json\/wp\/v2\/users\/1"}],"replies":[{"embeddable":true,"href":"https:\/\/www.tecowash.com\/tecowash18\/wp-json\/wp\/v2\/comments?post=5583"}],"version-history":[{"count":6,"href":"https:\/\/www.tecowash.com\/tecowash18\/wp-json\/wp\/v2\/pages\/5583\/revisions"}],"predecessor-version":[{"id":19442,"href":"https:\/\/www.tecowash.com\/tecowash18\/wp-json\/wp\/v2\/pages\/5583\/revisions\/19442"}],"wp:attachment":[{"href":"https:\/\/www.tecowash.com\/tecowash18\/wp-json\/wp\/v2\/media?parent=5583"}],"curies":[{"name":"wp","href":"https:\/\/api.w.org\/{rel}","templated":true}]}}